{"id":3193,"date":"2024-03-14T00:38:27","date_gmt":"2024-03-14T00:38:27","guid":{"rendered":"https:\/\/escueladeenfermeria.amorphejewelryshop.com\/?page_id=3193"},"modified":"2024-06-24T18:11:13","modified_gmt":"2024-06-24T18:11:13","slug":"rol-del-profesional-de-enfermeria-caso-3","status":"publish","type":"page","link":"https:\/\/escueladeenfermeria.amorphejewelryshop.com\/index.php\/rol-del-profesional-de-enfermeria-caso-3\/","title":{"rendered":"Rol-del-profesional-de-Enfermeria-Caso-3"},"content":{"rendered":"\t\t<div data-elementor-type=\"wp-page\" data-elementor-id=\"3193\" class=\"elementor elementor-3193\">\n\t\t\t\t<div class=\"elementor-element elementor-element-ccf6050 e-flex e-con-boxed qodef-elementor-content-no e-con e-parent\" data-id=\"ccf6050\" data-element_type=\"container\">\n\t\t\t\t\t<div class=\"e-con-inner\">\n\t\t\t\t<div class=\"elementor-element elementor-element-361e8f4 elementor-position-left elementor-vertical-align-middle elementor-view-default elementor-mobile-position-top elementor-widget elementor-widget-icon-box\" data-id=\"361e8f4\" data-element_type=\"widget\" data-widget_type=\"icon-box.default\">\n\t\t\t\t<div class=\"elementor-widget-container\">\n\t\t\t\t\t<div class=\"elementor-icon-box-wrapper\">\n\n\t\t\t\t\t\t<div class=\"elementor-icon-box-icon\">\n\t\t\t\t<a href=\"https:\/\/escueladeenfermeria.amorphejewelryshop.com\/index.php\/materiales-preparatorios-caso-3\/\" class=\"elementor-icon elementor-animation-\" tabindex=\"-1\">\n\t\t\t\t<i aria-hidden=\"true\" class=\"fas fa-arrow-alt-circle-left\"><\/i>\t\t\t\t<\/a>\n\t\t\t<\/div>\n\t\t\t\n\t\t\t\t\t\t<div class=\"elementor-icon-box-content\">\n\n\t\t\t\t\t\t\t\t\t<h6 class=\"elementor-icon-box-title\">\n\t\t\t\t\t\t<a href=\"https:\/\/escueladeenfermeria.amorphejewelryshop.com\/index.php\/materiales-preparatorios-caso-3\/\" >\n\t\t\t\t\t\t\tRegresar a los Materiales Preparatorios\t\t\t\t\t\t<\/a>\n\t\t\t\t\t<\/h6>\n\t\t\t\t\n\t\t\t\t\n\t\t\t<\/div>\n\t\t\t\n\t\t<\/div>\n\t\t\t\t<\/div>\n\t\t\t\t<\/div>\n\t\t\t\t<div class=\"elementor-element elementor-element-64966cd elementor-widget elementor-widget-heading\" data-id=\"64966cd\" data-element_type=\"widget\" data-widget_type=\"heading.default\">\n\t\t\t\t<div class=\"elementor-widget-container\">\n\t\t\t<h2 class=\"elementor-heading-title elementor-size-large\">Rol del Profesional de Enfermer\u00eda en la Salud P\u00fablica  <\/h2>\t\t<\/div>\n\t\t\t\t<\/div>\n\t\t\t\t<div class=\"elementor-element elementor-element-ec1ce16 elementor-widget elementor-widget-qi_addons_for_elementor_section_title\" data-id=\"ec1ce16\" data-element_type=\"widget\" data-widget_type=\"qi_addons_for_elementor_section_title.default\">\n\t\t\t\t<div class=\"elementor-widget-container\">\n\t\t\t<div class=\"qodef-shortcode qodef-m  qodef-qi-section-title  qodef-decoration--italic  qodef-link--underline-draw qodef-subtitle-icon--left\">\n\t\t\t\t\t\t\t\t<div class=\"qodef-m-text\"><strong>Introducci\u00f3n<\/strong>\n\n<span class=\"TextRun Highlight SCXW210275937 BCX4\"><span class=\"NormalTextRun SCXW210275937 BCX4\"><p style=\"text-align: justify;text-indent: 1cm\">El rol del profesional de enfermer\u00eda en la salud p\u00fablica es crucial para la creaci\u00f3n de pol\u00edticas que garanticen un cuidado de salud \u00f3ptimo y de alta calidad para el beneficio de la sociedad. <\/span><span class=\"NormalTextRun SCXW210275937 BCX4\">La capacitaci\u00f3n especializada de estos profesionales contribuye significativamente a<\/span> <span class=\"NormalTextRun SCXW210275937 BCX4\">la <\/span><span class=\"NormalTextRun SCXW210275937 BCX4\">creaci\u00f3n de sistemas de salud efectivos y eficientes que permitan satisfacer las necesidades colectivas, considerando los <\/span><span class=\"NormalTextRun SCXW210275937 BCX4\">determinantes de <\/span><span class=\"NormalTextRun SCXW210275937 BCX4\">salud. <\/span><span class=\"NormalTextRun SCXW210275937 BCX4\">Adem\u00e1s, estas competencias son <\/span><span class=\"NormalTextRun SCXW210275937 BCX4\">fundamentales<\/span><span class=\"NormalTextRun SCXW210275937 BCX4\"> para <\/span><span class=\"NormalTextRun SCXW210275937 BCX4\">facilita<\/span><span class=\"NormalTextRun SCXW210275937 BCX4\">r<\/span><span class=\"NormalTextRun SCXW210275937 BCX4\"> la implementaci\u00f3n de intervenciones que aborden las necesidades colectivas desde una perspectiva social integral.<\/p><\/span><\/span>\n\n<span class=\"EOP SCXW210275937 BCX4\">\u00a0<\/span><\/div>\n\t<\/div>\n\t\t<\/div>\n\t\t\t\t<\/div>\n\t\t\t\t<div class=\"elementor-element elementor-element-08f86a6 elementor-widget elementor-widget-text-editor\" data-id=\"08f86a6\" data-element_type=\"widget\" data-widget_type=\"text-editor.default\">\n\t\t\t\t<div class=\"elementor-widget-container\">\n\t\t\t\t\t\t\t<b>\u00bfQu\u00e9 es salud p\u00fablica?<\/b>\n\n<div id=\"attachment_3211\" style=\"width: 310px\" class=\"wp-caption alignleft\"><a href=\"https:\/\/www.freepik.es\/foto-gratis\/equipo-medico-discutiendo-sobre-tableta-digital_9597495.htm#fromView=search&amp;page=1&amp;position=28&amp;uuid=0da69bd6-cf7d-42e4-9bcb-144218b978d7\" target=\"_blank\" rel=\"noopener\"><img fetchpriority=\"high\" decoding=\"async\" aria-describedby=\"caption-attachment-3211\" class=\"wp-image-3211 size-medium\" src=\"https:\/\/escueladeenfermeria.amorphejewelryshop.com\/wp-content\/uploads\/2024\/03\/caso-3-materiales-prep-rol-de-enfermeria1-300x200.jpg\" alt=\"\" width=\"300\" height=\"200\" srcset=\"https:\/\/escueladeenfermeria.amorphejewelryshop.com\/wp-content\/uploads\/2024\/03\/caso-3-materiales-prep-rol-de-enfermeria1-300x200.jpg 300w, https:\/\/escueladeenfermeria.amorphejewelryshop.com\/wp-content\/uploads\/2024\/03\/caso-3-materiales-prep-rol-de-enfermeria1.jpg 575w\" sizes=\"(max-width: 300px) 100vw, 300px\" \/><\/a><p id=\"caption-attachment-3211\" class=\"wp-caption-text\"><a href=\"https:\/\/www.freepik.es\/foto-gratis\/equipo-medico-discutiendo-sobre-tableta-digital_9597495.htm#fromView=search&amp;amp;page=1&amp;amp;position=28&amp;amp;uuid=0da69bd6-cf7d-42e4-9bcb-144218b978d7\">Imagen de wavebreakmedia_micro<\/a> en Freepik<\/p><\/div>\n\n<span class=\"Apple-converted-space\">\u00a0\u00a0 <\/span>\n<p style=\"text-align: justify; text-indent: 1cm;\">La esencia de la salud p\u00fablica radica en promover bienestar, prevenir enfermedades y entender la salud desde una perspectiva amplia que incluye una variedad de factores biol\u00f3gicos, conductuales, sociales y ambientales. La salud p\u00fablica se basa en una evaluaci\u00f3n rigurosa de datos para el dise\u00f1o de intervenciones eficaces, y hoy en d\u00eda, se mantiene un compromiso comunitario de mejorar la salud a largo plazo mediante un enfoque colaborativo y multidisciplinario.<sup>1<\/sup> Actualmente, los esfuerzos organizados en las comunidades contin\u00faan enfoc\u00e1ndose en la promoci\u00f3n de la salud, la prevenci\u00f3n de enfermedades y la prolongaci\u00f3n de la vida. La salud p\u00fablica considera una variedad de factores que afectan la salud de una persona, una familia y una comunidad al momento de desarrollar un sistema de servicios y aplicaciones que garanticen una sociedad m\u00e1s saludable a corto y largo plazo. La promoci\u00f3n, prevenci\u00f3n e intervenci\u00f3n de la salud se realizan desde una perspectiva interprofesional y colectiva.\n<sup>2<\/sup><\/p>\t\t\t\t\t\t<\/div>\n\t\t\t\t<\/div>\n\t\t<div class=\"elementor-element elementor-element-de1456e e-flex e-con-boxed qodef-elementor-content-no e-con e-child\" data-id=\"de1456e\" data-element_type=\"container\">\n\t\t\t\t\t<div class=\"e-con-inner\">\n\t\t\t\t<div class=\"elementor-element elementor-element-76fce4d elementor-widget elementor-widget-text-editor\" data-id=\"76fce4d\" data-element_type=\"widget\" data-widget_type=\"text-editor.default\">\n\t\t\t\t<div class=\"elementor-widget-container\">\n\t\t\t\t\t\t\t<div style=\"text-align: justify;\">\n<p style=\"text-indent: 1cm;\">Ante la necesidad de intervenir con m\u00faltiples factores de riesgo y distintos determinantes sociales que afectan la salud de la poblaci\u00f3n, las Funciones Esenciales de Salud P\u00fablica tienen la capacidad de fortalecer los sistemas de salud y garantizar el cumplimiento completo del derecho a la salud. Las once Funciones Esenciales de Salud P\u00fablica seg\u00fan la Organizaci\u00f3n Panamericana de la\n<span class=\"TextRun SCXW197665373 BCX4\" lang=\"ES-ES\" xml:lang=\"ES-ES\" data-contrast=\"auto\"><span class=\"NormalTextRun SCXW197665373 BCX4\">Salud<\/span><\/span>\n<span class=\"TextRun SCXW197665373 BCX4\" lang=\"ES-ES\" xml:lang=\"ES-ES\" data-contrast=\"auto\"><span class=\"NormalTextRun Superscript SCXW197665373 BCX4\" data-fontsize=\"12\"><span style=\"font-size: 14.166666030883789px;\"><sup>3<\/sup><\/span><\/span><\/span>\n<span data-contrast=\"auto\"> son:<\/span><\/p>\n\n<ol>\n \t<li style=\"  text-indent: -1em;\"><span data-contrast=\"auto\">Observar y evaluar la salud y el bienestar, la equidad, los determinantes sociales de la salud y c\u00f3mo funcionan e influyen los sistemas de salud.<\/span><\/li>\n \t<li style=\"  text-indent: -1em;\"><span data-contrast=\"auto\">Implementar monitoreo o cernimiento de salud p\u00fablica enfocado en el manejo y control de los riesgos para la salud y las emergencias.<\/span><\/li>\n \t<li style=\"  text-indent: -1em;\"><span data-contrast=\"auto\">Fomentar y realizar investigaci\u00f3n para la generaci\u00f3n del nuevo conocimiento que contribuya al desarrollo de la pol\u00edtica p\u00fablica.<\/span><\/li>\n \t<li style=\"  text-indent: -1em;\"><span data-contrast=\"auto\">Desarrollar, implementar y fomentar pol\u00edticas que protejan la salud de la poblaci\u00f3n.<\/span><\/li>\n \t<li style=\"  text-indent: -1em;\"><span data-contrast=\"auto\">Asegurar la movilizaci\u00f3n y participaci\u00f3n social colectiva y activa de diversos grupos comunitarios y sociales de manera estrat\u00e9gica, y la fiscalizaci\u00f3n del sistema de salud en general.<\/span><\/li>\n \t<li style=\"  text-indent: -1em;\"><span data-contrast=\"auto\">Adiestrar el recurso humano relacionado con el aspecto de bienestar colectivo.<\/span><\/li>\n \t<li style=\"  text-indent: -1em;\"><span class=\"TextRun SCXW37152134 BCX4\" lang=\"ES-ES\" xml:lang=\"ES-ES\" data-contrast=\"auto\"><span class=\"NormalTextRun SCXW37152134 BCX4\">Garantizar que los medicamentos y otras tecnolog\u00edas m\u00e9dicas esenciales de alta calidad, seguras y efectivas sean accesibles y utilizados de manera efectiva.<\/span><\/span><\/li>\n \t<li style=\"  text-indent: -1em;\"><span data-contrast=\"auto\">Promover el financiamiento equitativo de la salud.<\/span><\/li>\n \t<li style=\"  text-indent: -1em;\"><span data-contrast=\"auto\">Asegurar la igualdad de acceso a servicios m\u00e9dicos completos y de alta calidad.<\/span><\/li>\n \t<li style=\"  text-indent: -1em;\"><span data-contrast=\"auto\">Promover un acceso igualitario a intervenciones destinadas a mejorar la salud, disminuir los factores de riesgo y promover la pr\u00e1ctica de h\u00e1bitos saludables.<\/span><\/li>\n \t<li style=\"  text-indent: -1em;\"><span data-contrast=\"auto\">Manejar y fomentar las intervenciones sobre los determinantes sociales que afectan la salud.<\/span><\/li>\n<\/ol>\n<\/div>\n<div style=\"text-align: center; margin-top: 20px;\"><a href=\"https:\/\/www.freepik.es\/foto-gratis\/medico-ayuda-humanitaria-frica-cuidando-al-paciente_18955076.htm#fromView=search&amp;page=1&amp;position=37&amp;uuid=6ea62f5e-5544-46d7-be25-e2e42cd2425d\" target=\"_blank\" rel=\"noopener\">\n<img decoding=\"async\" class=\"wp-image-3212 size-medium\" src=\"https:\/\/escueladeenfermeria.amorphejewelryshop.com\/wp-content\/uploads\/2024\/03\/CASO-3-MAteriales-prep-rol-de-enfermeria-2-300x200.jpg\" alt=\"\" width=\"300\" height=\"200\" srcset=\"https:\/\/escueladeenfermeria.amorphejewelryshop.com\/wp-content\/uploads\/2024\/03\/CASO-3-MAteriales-prep-rol-de-enfermeria-2-300x200.jpg 300w, https:\/\/escueladeenfermeria.amorphejewelryshop.com\/wp-content\/uploads\/2024\/03\/CASO-3-MAteriales-prep-rol-de-enfermeria-2.jpg 487w\" sizes=\"(max-width: 300px) 100vw, 300px\" \/>\n<\/a>\n<div><a href=\"https:\/\/www.freepik.es\/foto-gratis\/medico-ayuda-humanitaria-frica-cuidando-al-paciente_18955076.htm#fromView=search&amp;page=1&amp;position=37&amp;uuid=6ea62f5e-5544-46d7-be25-e2e42cd2425d\">Imagen de wavebreakmedia_micro<\/a> en Freepik<\/div>\n<\/div>\t\t\t\t\t\t<\/div>\n\t\t\t\t<\/div>\n\t\t\t\t<div class=\"elementor-element elementor-element-29d1637 elementor-widget elementor-widget-text-editor\" data-id=\"29d1637\" data-element_type=\"widget\" data-widget_type=\"text-editor.default\">\n\t\t\t\t<div class=\"elementor-widget-container\">\n\t\t\t\t\t\t\t<p><b><span data-contrast=\"auto\">Profesional de Enfermer\u00eda de Salud P\u00fablica<\/span><\/b><span data-ccp-props=\"{&quot;201341983&quot;:0,&quot;335559739&quot;:0,&quot;335559740&quot;:240}\">\u00a0<\/span><\/p><p style=\"text-align: justify; text-indent: 1cm;\"><span data-contrast=\"auto\">Ser un profesional de la salud en el campo de la salud p\u00fablica implica establecer relaciones con la comunidad, esto permite la innovaci\u00f3n y la creatividad al servicio de la persona, la familia y la comunidad. Para lograrlo, los esfuerzos colectivos deben centrarse en la protecci\u00f3n y mantenimiento de la salud, tomando en cuenta la realidad de las personas y de la sociedad, incorporando el conocimiento de otras ciencias como la epidemiolog\u00eda en la evaluaci\u00f3n de los fen\u00f3menos salubristas y los avances en \u00e1reas relacionadas con la investigaci\u00f3n.<\/span><span data-contrast=\"auto\"><sup>1<\/sup><\/span> <span data-contrast=\"auto\">El cumplimiento de las funciones, deberes y responsabilidades del profesional de enfermer\u00eda promueve la protecci\u00f3n de la salud de la poblaci\u00f3n <\/span><span data-contrast=\"auto\">de la siguiente manera: (a)<\/span><span data-contrast=\"auto\"> previniendo, detectando, evaluando y respondiendo a eventos de salud p\u00fablica; <\/span><span data-contrast=\"auto\">(b)<\/span><span data-contrast=\"auto\"> asegurando el derecho a la salud; <\/span><span data-contrast=\"auto\">(c)<\/span><span data-contrast=\"auto\"> fortaleciendo el sistema de salud; y <\/span><span data-contrast=\"auto\">(d)<\/span><span data-contrast=\"auto\"> mejorando la salud de la poblaci\u00f3n.<sup>4<\/sup><\/span><\/p>\t\t\t\t\t\t<\/div>\n\t\t\t\t<\/div>\n\t\t\t\t<div class=\"elementor-element elementor-element-9f4f50c elementor-widget elementor-widget-text-editor\" data-id=\"9f4f50c\" data-element_type=\"widget\" data-widget_type=\"text-editor.default\">\n\t\t\t\t<div class=\"elementor-widget-container\">\n\t\t\t\t\t\t\t<p><strong><span class=\"TextRun SCXW178763365 BCX4\" lang=\"ES-ES\" xml:lang=\"ES-ES\" data-contrast=\"auto\"><span class=\"NormalTextRun SCXW178763365 BCX4\">Competencias en <\/span><span class=\"NormalTextRun SCXW178763365 BCX4\">Salud P\u00fablica <\/span><span class=\"NormalTextRun SCXW178763365 BCX4\">del Profesional de Enfermer\u00eda <\/span><span class=\"NormalTextRun SCXW178763365 BCX4\">para Grado de Bachillerato\u00a0<\/span><\/span><\/strong><\/p><div id=\"attachment_3230\" style=\"width: 250px\" class=\"wp-caption alignleft\"><a href=\"https:\/\/www.freepik.es\/foto-gratis\/equipo-medico-discutiendo-sobre-tableta-digital_9597495.htm#fromView=search&amp;page=1&amp;position=28&amp;uuid=0da69bd6-cf7d-42e4-9bcb-144218b978d7\" target=\"_blank\" rel=\"noopener\"><img decoding=\"async\" aria-describedby=\"caption-attachment-3230\" class=\"wp-image-3230 size-medium\" src=\"https:\/\/escueladeenfermeria.amorphejewelryshop.com\/wp-content\/uploads\/2024\/03\/Caso-3-Materiales-Prep-Rol-de-Enfermeria-3-240x300.jpg\" alt=\"\" width=\"240\" height=\"300\" srcset=\"https:\/\/escueladeenfermeria.amorphejewelryshop.com\/wp-content\/uploads\/2024\/03\/Caso-3-Materiales-Prep-Rol-de-Enfermeria-3-240x300.jpg 240w, https:\/\/escueladeenfermeria.amorphejewelryshop.com\/wp-content\/uploads\/2024\/03\/Caso-3-Materiales-Prep-Rol-de-Enfermeria-3.jpg 347w\" sizes=\"(max-width: 240px) 100vw, 240px\" \/><\/a><p id=\"caption-attachment-3230\" class=\"wp-caption-text\"><a href=\"https:\/\/www.freepik.es\/foto-gratis\/equipo-medico-discutiendo-sobre-tableta-digital_9597495.htm#fromView=search&amp;page=1&amp;position=28&amp;uuid=0da69bd6-cf7d-42e4-9bcb-144218b978d7\">Imagen de wavebreakmedia_micro<\/a> en Freepik<\/p><\/div><p style=\"text-align: justify; text-indent: 1cm;\">Las competencias en <span class=\"NormalTextRun SCXW97734796 BCX4\">salud p\u00fablic<\/span><span class=\"NormalTextRun SCXW97734796 BCX4\">a a nivel de Bachillerato en Ciencias de Enfermer\u00eda (BSN<\/span><span class=\"NormalTextRun SCXW97734796 BCX4\">, por sus siglas en ingl\u00e9s<\/span><span class=\"NormalTextRun SCXW97734796 BCX4\">) se centran en una preparaci\u00f3n fundamental en artes y ciencias, estableciendo una base robusta para ejercer la enfermer\u00eda en el \u00e1mbito p\u00fablico de salud. Los egresados del BSN poseen la capacidad de comprender y actuar ante<\/span><span class=\"NormalTextRun SCXW97734796 BCX4\"> los <\/span><span class=\"NormalTextRun SCXW97734796 BCX4\">diversos factores personales, sociales, econ\u00f3micos, pol\u00edticos, laborales y ambientales impactan la salud de individuos y comunidades. Est\u00e1n capacitados para intervenir directamente en la salud de poblaciones vulnerables, participar en la promoci\u00f3n de la salud en todos sus niveles, llevar a cabo an\u00e1lisis de datos, realizar <\/span><span class=\"NormalTextRun SCXW97734796 BCX4\">trabajo de campo, desarrollar programas, conducir actividades de difusi\u00f3n, brindar apoyo program\u00e1tico y cumplir con responsabilidades organizacionales, demostrando as\u00ed las competencias esenciales para su pr\u00e1ctica profesional.<sup>5<\/sup><\/span><\/p>\t\t\t\t\t\t<\/div>\n\t\t\t\t<\/div>\n\t\t\t\t<div class=\"elementor-element elementor-element-6205ccb elementor-widget elementor-widget-text-editor\" data-id=\"6205ccb\" data-element_type=\"widget\" data-widget_type=\"text-editor.default\">\n\t\t\t\t<div class=\"elementor-widget-container\">\n\t\t\t\t\t\t\t<p><b><span data-contrast=\"none\">Conclusi\u00f3n<\/span><\/b><span data-ccp-props=\"{}\">\u00a0<\/span><\/p><p style=\"text-align: justify; text-indent: 1cm;\">La salud p\u00fablica, como ciencia y conjunto de pol\u00edticas, se dedica a proteger y mejorar la salud de individuos y poblaciones, bas\u00e1ndose en m\u00e9tricas de bienestar y desarrollo, e impulsando la investigaci\u00f3n. Tiene la gran responsabilidad social de promover el bienestar integral considerando factores sociales, econ\u00f3micos y pol\u00edticos, entre otros. El profesional de enfermer\u00eda juega un papel crucial en el sistema de <span data-contrast=\"auto\">atenci\u00f3n de la salud, <\/span><span data-contrast=\"auto\">enfoc\u00e1ndose en prevenir enfermedades y mantener la salud p\u00fablica, en mejorar los servicios de atenci\u00f3n, innovar la estructura de servicios, facilitar la gesti\u00f3n y promover el desarrollo de poblaciones saludables a largo plazo.<\/span><\/p><p><span data-ccp-props=\"{&quot;335551550&quot;:6,&quot;335551620&quot;:6,&quot;335559731&quot;:720}\">\u00a0<\/span><\/p>\t\t\t\t\t\t<\/div>\n\t\t\t\t<\/div>\n\t\t\t\t\t<\/div>\n\t\t\t\t<\/div>\n\t\t\t\t\t<\/div>\n\t\t\t\t<\/div>\n\t\t<div class=\"elementor-element elementor-element-ff1c114 e-flex e-con-boxed qodef-elementor-content-no e-con e-parent\" data-id=\"ff1c114\" data-element_type=\"container\">\n\t\t\t\t\t<div class=\"e-con-inner\">\n\t\t\t\t<div class=\"elementor-element elementor-element-dd7ce77 elementor-widget elementor-widget-qi_addons_for_elementor_section_title\" data-id=\"dd7ce77\" data-element_type=\"widget\" data-widget_type=\"qi_addons_for_elementor_section_title.default\">\n\t\t\t\t<div class=\"elementor-widget-container\">\n\t\t\t<div class=\"qodef-shortcode qodef-m  qodef-qi-section-title  qodef-decoration--italic  qodef-link--underline-draw qodef-subtitle-icon--left\">\n\t\t\t\t\t\t<h5 class=\"qodef-m-title\">\n\t\tReferencias \t<\/h5>\n\t\t\t<\/div>\n\t\t<\/div>\n\t\t\t\t<\/div>\n\t\t\t\t<div class=\"elementor-element elementor-element-2faf72b elementor-widget elementor-widget-qi_addons_for_elementor_section_title\" data-id=\"2faf72b\" data-element_type=\"widget\" data-widget_type=\"qi_addons_for_elementor_section_title.default\">\n\t\t\t\t<div class=\"elementor-widget-container\">\n\t\t\t<div class=\"qodef-shortcode qodef-m  qodef-qi-section-title  qodef-decoration--italic  qodef-link--underline-draw qodef-subtitle-icon--left\">\n\t\t\t\t\t\t\t\t<div class=\"qodef-m-text\"><div style=\"padding-left: 1.5em;text-indent: -1.5em\"><ol><li><span>Azari R, Borisch B. What is public health? A scoping review. Arch Public Health. 2023;81(86):1-8. <\/span><a href=\"https:\/\/doi.org\/10.1186\/s13690-023-01091-6\"><span>https:\/\/doi.org\/10.1186\/s13690-023-01091-6<\/span><\/a><span>\u00a0<\/span><\/li><li><span>Cherie R, Rector C, Stanley MJ. Community and Public Health Nursing. Philadelphia, PA: LWW; 2021.<\/span><span>\u00a0<\/span><\/li><li><span>Organizaci\u00f3n Panamericana de la Salud. Funciones esenciales de salud p\u00fablica. <\/span><span>OPS\/OMS. <\/span><a href=\"https:\/\/www.paho.org\/es\/temas\/funciones-esenciales-salud-publica\"><span>https:\/\/www.paho.org\/es\/temas\/funciones-esenciales-salud-publica<\/span><\/a><span>. Accessed March 4, 2024.<\/span><span>\u00a0<\/span><\/li><li><span>McCauley LA, Waters CM, Monsen KA. Nursing and Public Health Special Issue.\u202f<\/span><i><span>Am J Public Health<\/span><\/i><span>. 2022;112(S3):S215-S217. doi:10.2105\/AJPH.2022.306910\u00a0<\/span><span>\u00a0<\/span><\/li><li><span>Campbell LA, Harmon MJ, Joyce BL, Little SH. Quad Council Coalition community\/public health nursing competencies: Building consensus through collaboration. Public Health Nurs. 2020;37(1):96-112. doi:10.1111\/phn.12666<\/span><span>\u00a0<\/span><\/li><\/ol><p><span>Preparado por: Elba N. Ortiz Padilla, MSN, FNP, RN; Emanuel E. D\u00edaz Ortiz<\/span><span>, <\/span><span>DHA, MSN, MSE, RN; y Milagros I. Figueroa Ramos, PhD, RN, FCCM\/ diciembre, 2023.\u202f<\/span><span>\u00a0<\/span><\/p><\/div><\/div>\n\t<\/div>\n\t\t<\/div>\n\t\t\t\t<\/div>\n\t\t\t\t\t<\/div>\n\t\t\t\t<\/div>\n\t\t<div class=\"elementor-element elementor-element-7be2387 e-flex e-con-boxed qodef-elementor-content-no e-con e-parent\" data-id=\"7be2387\" data-element_type=\"container\">\n\t\t\t\t\t<div class=\"e-con-inner\">\n\t\t\t\t\t<\/div>\n\t\t\t\t<\/div>\n\t\t\t\t<\/div>\n\t\t","protected":false},"excerpt":{"rendered":"<p>Regresar a los Materiales Preparatorios Rol del Profesional de Enfermer\u00eda en la Salud P\u00fablica Introducci\u00f3n El rol del profesional de enfermer\u00eda en la salud p\u00fablica es crucial para la creaci\u00f3n de pol\u00edticas que garanticen un cuidado de salud \u00f3ptimo y de alta calidad para el beneficio de la sociedad. La capacitaci\u00f3n especializada de estos profesionales [&hellip;]<\/p>\n","protected":false},"author":1,"featured_media":0,"parent":0,"menu_order":0,"comment_status":"closed","ping_status":"closed","template":"","meta":{"content-type":"","footnotes":""},"class_list":["post-3193","page","type-page","status-publish","hentry"],"_links":{"self":[{"href":"https:\/\/escueladeenfermeria.amorphejewelryshop.com\/index.php\/wp-json\/wp\/v2\/pages\/3193"}],"collection":[{"href":"https:\/\/escueladeenfermeria.amorphejewelryshop.com\/index.php\/wp-json\/wp\/v2\/pages"}],"about":[{"href":"https:\/\/escueladeenfermeria.amorphejewelryshop.com\/index.php\/wp-json\/wp\/v2\/types\/page"}],"author":[{"embeddable":true,"href":"https:\/\/escueladeenfermeria.amorphejewelryshop.com\/index.php\/wp-json\/wp\/v2\/users\/1"}],"replies":[{"embeddable":true,"href":"https:\/\/escueladeenfermeria.amorphejewelryshop.com\/index.php\/wp-json\/wp\/v2\/comments?post=3193"}],"version-history":[{"count":109,"href":"https:\/\/escueladeenfermeria.amorphejewelryshop.com\/index.php\/wp-json\/wp\/v2\/pages\/3193\/revisions"}],"predecessor-version":[{"id":4101,"href":"https:\/\/escueladeenfermeria.amorphejewelryshop.com\/index.php\/wp-json\/wp\/v2\/pages\/3193\/revisions\/4101"}],"wp:attachment":[{"href":"https:\/\/escueladeenfermeria.amorphejewelryshop.com\/index.php\/wp-json\/wp\/v2\/media?parent=3193"}],"curies":[{"name":"wp","href":"https:\/\/api.w.org\/{rel}","templated":true}]}}