{"id":3178,"date":"2024-03-14T00:34:04","date_gmt":"2024-03-14T00:34:04","guid":{"rendered":"https:\/\/escueladeenfermeria.amorphejewelryshop.com\/?page_id=3178"},"modified":"2024-03-15T23:21:53","modified_gmt":"2024-03-15T23:21:53","slug":"materiales-preparatorios-caso-3","status":"publish","type":"page","link":"https:\/\/escueladeenfermeria.amorphejewelryshop.com\/index.php\/materiales-preparatorios-caso-3\/","title":{"rendered":"Materiales Preparatorios &#8211; Caso 3"},"content":{"rendered":"\t\t<div data-elementor-type=\"wp-page\" data-elementor-id=\"3178\" class=\"elementor elementor-3178\">\n\t\t\t\t<div class=\"elementor-element elementor-element-b1d1a16 e-con-full e-flex qodef-elementor-content-no e-con e-parent\" data-id=\"b1d1a16\" data-element_type=\"container\">\n\t\t\t\t<div class=\"elementor-element elementor-element-9518618 elementor-widget elementor-widget-heading\" data-id=\"9518618\" data-element_type=\"widget\" data-widget_type=\"heading.default\">\n\t\t\t\t<div class=\"elementor-widget-container\">\n\t\t\t<h2 class=\"elementor-heading-title elementor-size-default\">Materiales Preparatorios - Caso 3<\/h2>\t\t<\/div>\n\t\t\t\t<\/div>\n\t\t\t\t<div class=\"elementor-element elementor-element-d4554de elementor-widget elementor-widget-text-editor\" data-id=\"d4554de\" data-element_type=\"widget\" data-widget_type=\"text-editor.default\">\n\t\t\t\t<div class=\"elementor-widget-container\">\n\t\t\t\t\t\t\t<ul><li><a href=\"https:\/\/escueladeenfermeria.amorphejewelryshop.com\/index.php\/determinantes-de-salud-caso-3\/\">Determinantes de Salud<\/a><\/li><li><a href=\"https:\/\/health.gov\/healthypeople\/priority-areas\/social-determinants-health\">Determinantes Sociales de la Salud<\/a><\/li><li><a href=\"https:\/\/escueladeenfermeria.amorphejewelryshop.com\/index.php\/rol-del-profesional-de-enfermeria-caso-3\/\">Rol del Profesional de Enfermer\u00eda en la Salud P\u00fablica<\/a><\/li><li><a href=\"https:\/\/escueladeenfermeria.amorphejewelryshop.com\/index.php\/rol-del-profesional-de-enfermeria-situaciones-de-desastres-caso-3\/\"><span class=\"TextRun SCXP80080511 BCX4\" lang=\"ES-PR\" xml:lang=\"ES-PR\" data-usefontface=\"false\" data-contrast=\"none\"><span class=\"NormalTextRun SCXP80080511 BCX4\">Rol<\/span><\/span><span class=\"TextRun SCXP80080511 BCX4\" lang=\"ES-PR\" xml:lang=\"ES-PR\" data-usefontface=\"true\" data-contrast=\"none\"><span class=\"NormalTextRun SCXP80080511 BCX4\"> del Profesional de Enfermer\u00eda en Situaciones de Desastre<\/span><\/span><\/a><\/li><li><a href=\"https:\/\/escueladeenfermeria.amorphejewelryshop.com\/index.php\/disminuyendo-el-dolor-miedo-y-ansiedad-por-las-agujas\/\"><span class=\"TextRun BCX4 SCXP25825470\" lang=\"ES-PR\" xml:lang=\"ES-PR\" data-usefontface=\"false\" data-contrast=\"none\"><span class=\"NormalTextRun BCX4 SCXP25825470\">Salud Mental \u2013 Uso de Distracci\u00f3n en el Procedimiento de Inserci\u00f3n de Aguja (Pr\u00e1ctica <\/span><\/span><span class=\"TextRun BCX4 SCXP25825470\" lang=\"ES-PR\" xml:lang=\"ES-PR\" data-usefontface=\"false\" data-contrast=\"none\"><span class=\"NormalTextRun BCX4 SCXP25825470\">Basada en Evidencia [EBP, por sus siglas en ingl\u00e9s])\u00a0<\/span><\/span><\/a><\/li><\/ul>\t\t\t\t\t\t<\/div>\n\t\t\t\t<\/div>\n\t\t\t\t<div class=\"elementor-element elementor-element-7b31551 elementor-widget elementor-widget-image\" data-id=\"7b31551\" data-element_type=\"widget\" data-widget_type=\"image.default\">\n\t\t\t\t<div class=\"elementor-widget-container\">\n\t\t\t\t\t\t\t\t\t\t\t\t\t<img fetchpriority=\"high\" decoding=\"async\" width=\"910\" height=\"1000\" src=\"https:\/\/escueladeenfermeria.amorphejewelryshop.com\/wp-content\/uploads\/2024\/03\/Healthy-People-2030-SDOH-Graphic-Domain-Labels.png\" class=\"attachment-large size-large wp-image-3183\" alt=\"\" srcset=\"https:\/\/escueladeenfermeria.amorphejewelryshop.com\/wp-content\/uploads\/2024\/03\/Healthy-People-2030-SDOH-Graphic-Domain-Labels.png 910w, https:\/\/escueladeenfermeria.amorphejewelryshop.com\/wp-content\/uploads\/2024\/03\/Healthy-People-2030-SDOH-Graphic-Domain-Labels-273x300.png 273w, https:\/\/escueladeenfermeria.amorphejewelryshop.com\/wp-content\/uploads\/2024\/03\/Healthy-People-2030-SDOH-Graphic-Domain-Labels-768x844.png 768w\" sizes=\"(max-width: 910px) 100vw, 910px\" \/>\t\t\t\t\t\t\t\t\t\t\t\t\t<\/div>\n\t\t\t\t<\/div>\n\t\t\t\t<div class=\"elementor-element elementor-element-ad56c24 elementor-widget elementor-widget-text-editor\" data-id=\"ad56c24\" data-element_type=\"widget\" data-widget_type=\"text-editor.default\">\n\t\t\t\t<div class=\"elementor-widget-container\">\n\t\t\t\t\t\t\t<p><strong><span class=\"TextRun BCX4 SCXP27692627\" lang=\"ES-PR\" xml:lang=\"ES-PR\" data-usefontface=\"false\" data-contrast=\"none\"><span class=\"NormalTextRun BCX4 SCXP27692627\">Fuente:<\/span><\/span><\/strong><span class=\"TextRun BCX4 SCXP27692627\" lang=\"ES-PR\" xml:lang=\"ES-PR\" data-usefontface=\"false\" data-contrast=\"none\"><span class=\"NormalTextRun BCX4 SCXP27692627\">\u00a0<\/span><\/span><span class=\"TextRun SpellingErrorZoomed BCX4 SCXP27692627\" lang=\"ES-PR\" xml:lang=\"ES-PR\" data-usefontface=\"false\" data-contrast=\"none\"><span class=\"BCX4 SCXP27692627\">Healthy<\/span><\/span><span class=\"TextRun BCX4 SCXP27692627\" lang=\"ES-PR\" xml:lang=\"ES-PR\" data-usefontface=\"false\" data-contrast=\"none\"><span class=\"NormalTextRun BCX4 SCXP27692627\"> People 2030, U.S. <\/span><\/span><span class=\"TextRun SpellingErrorZoomed BCX4 SCXP27692627\" lang=\"ES-PR\" xml:lang=\"ES-PR\" data-usefontface=\"false\" data-contrast=\"none\"><span class=\"BCX4 SCXP27692627\">Department<\/span><\/span> <span class=\"TextRun SpellingErrorZoomed BCX4 SCXP27692627\" lang=\"ES-PR\" xml:lang=\"ES-PR\" data-usefontface=\"false\" data-contrast=\"none\"><span class=\"BCX4 SCXP27692627\">of<\/span><\/span> <span class=\"TextRun SpellingErrorZoomed BCX4 SCXP27692627\" lang=\"ES-PR\" xml:lang=\"ES-PR\" data-usefontface=\"false\" data-contrast=\"none\"><span class=\"BCX4 SCXP27692627\">Health<\/span><\/span><span class=\"TextRun BCX4 SCXP27692627\" lang=\"ES-PR\" xml:lang=\"ES-PR\" data-usefontface=\"false\" data-contrast=\"none\"><span class=\"NormalTextRun BCX4 SCXP27692627\"> and Human <\/span><\/span><span class=\"TextRun SpellingErrorZoomed BCX4 SCXP27692627\" lang=\"ES-PR\" xml:lang=\"ES-PR\" data-usefontface=\"false\" data-contrast=\"none\"><span class=\"BCX4 SCXP27692627\">Services<\/span><\/span><span class=\"TextRun BCX4 SCXP27692627\" lang=\"ES-PR\" xml:lang=\"ES-PR\" data-usefontface=\"false\" data-contrast=\"none\"><span class=\"NormalTextRun BCX4 SCXP27692627\">, Office <\/span><\/span><span class=\"TextRun SpellingErrorZoomed BCX4 SCXP27692627\" lang=\"ES-PR\" xml:lang=\"ES-PR\" data-usefontface=\"false\" data-contrast=\"none\"><span class=\"BCX4 SCXP27692627\">of<\/span><\/span> <span class=\"TextRun SpellingErrorZoomed BCX4 SCXP27692627\" lang=\"ES-PR\" xml:lang=\"ES-PR\" data-usefontface=\"false\" data-contrast=\"none\"><span class=\"BCX4 SCXP27692627\">Disease<\/span><\/span> <span class=\"TextRun SpellingErrorZoomed BCX4 SCXP27692627\" lang=\"ES-PR\" xml:lang=\"ES-PR\" data-usefontface=\"false\" data-contrast=\"none\"><span class=\"BCX4 SCXP27692627\">Prevention<\/span><\/span><span class=\"TextRun BCX4 SCXP27692627\" lang=\"ES-PR\" xml:lang=\"ES-PR\" data-usefontface=\"false\" data-contrast=\"none\"><span class=\"NormalTextRun BCX4 SCXP27692627\"> and <\/span><\/span><span class=\"TextRun SpellingErrorZoomed BCX4 SCXP27692627\" lang=\"ES-PR\" xml:lang=\"ES-PR\" data-usefontface=\"false\" data-contrast=\"none\"><span class=\"BCX4 SCXP27692627\">Health<\/span><\/span> <span class=\"TextRun SpellingErrorZoomed BCX4 SCXP27692627\" lang=\"ES-PR\" xml:lang=\"ES-PR\" data-usefontface=\"false\" data-contrast=\"none\"><span class=\"BCX4 SCXP27692627\">Promotion<\/span><\/span><span class=\"TextRun BCX4 SCXP27692627\" lang=\"ES-PR\" xml:lang=\"ES-PR\" data-usefontface=\"false\" data-contrast=\"none\"><span class=\"NormalTextRun BCX4 SCXP27692627\">. <\/span><\/span><span class=\"TextRun SpellingErrorZoomed BCX4 SCXP27692627\" lang=\"ES-PR\" xml:lang=\"ES-PR\" data-usefontface=\"false\" data-contrast=\"none\"><span class=\"BCX4 SCXP27692627\">Retrieved<\/span><\/span><span class=\"TextRun BCX4 SCXP27692627\" lang=\"ES-PR\" xml:lang=\"ES-PR\" data-usefontface=\"false\" data-contrast=\"none\"><span class=\"NormalTextRun BCX4 SCXP27692627\">\u00a0<\/span><\/span><span class=\"TextRun SpellingErrorZoomed BCX4 SCXP27692627\" lang=\"ES-PR\" xml:lang=\"ES-PR\" data-usefontface=\"false\" data-contrast=\"none\"><span class=\"BCX4 SCXP27692627\">November<\/span><\/span><span class=\"TextRun BCX4 SCXP27692627\" lang=\"ES-PR\" xml:lang=\"ES-PR\" data-usefontface=\"false\" data-contrast=\"none\"><span class=\"NormalTextRun BCX4 SCXP27692627\"> 29, 2023, <\/span><\/span><span class=\"TextRun SpellingErrorZoomed BCX4 SCXP27692627\" lang=\"ES-PR\" xml:lang=\"ES-PR\" data-usefontface=\"false\" data-contrast=\"none\"><span class=\"BCX4 SCXP27692627\">from<\/span><\/span> <a class=\"Hyperlink BCX4 SCXP27692627\" href=\"https:\/\/health.gov\/healthypeople\/objectives-and-data\/social-determinants-health\" target=\"_blank\" rel=\"noopener noreferrer\"><span class=\"TextRun BCX4 SCXP27692627\" lang=\"ES-PR\" xml:lang=\"ES-PR\" data-usefontface=\"false\" data-hyperlinkhascustomcolor=\"true\" data-contrast=\"none\"><span class=\"NormalTextRun BCX4 SCXP27692627\">https:\/\/health.gov\/healthypeople\/objectives-and-data\/social-determinants-health<\/span><\/span><\/a><span class=\"TextRun BCX4 SCXP27692627\" lang=\"ES-PR\" xml:lang=\"ES-PR\" data-usefontface=\"false\" data-contrast=\"none\"><span class=\"NormalTextRun BCX4 SCXP27692627\">\u00a0<\/span><\/span><span class=\"TextRun BCX4 SCXP27692627\" lang=\"ES-PR\" xml:lang=\"ES-PR\" data-usefontface=\"false\" data-contrast=\"none\"><span class=\"NormalTextRun BCX4 SCXP27692627\">\u00a0<\/span><\/span><\/p>\t\t\t\t\t\t<\/div>\n\t\t\t\t<\/div>\n\t\t\t\t<div class=\"elementor-element elementor-element-8534bd9 elementor-widget elementor-widget-qi_addons_for_elementor_button\" data-id=\"8534bd9\" data-element_type=\"widget\" data-widget_type=\"qi_addons_for_elementor_button.default\">\n\t\t\t\t<div class=\"elementor-widget-container\">\n\t\t\t<a class=\"qodef-shortcode qodef-m  qodef-qi-button qodef-html--link qodef-layout--filled qodef-type--standard   qodef-icon--right qodef-hover--icon-move-horizontal-short     \" href=\"https:\/\/escueladeenfermeria.amorphejewelryshop.com\/index.php\/pre-prueba-caso-3\/\" target=\"_self\">\n\t<span class=\"qodef-m-text\">Preprueba<\/span>\n\t<\/a>\n\t\t<\/div>\n\t\t\t\t<\/div>\n\t\t\t\t<div class=\"elementor-element elementor-element-f8c4cff elementor-widget elementor-widget-html\" data-id=\"f8c4cff\" data-element_type=\"widget\" data-widget_type=\"html.default\">\n\t\t\t\t<div class=\"elementor-widget-container\">\n\t\t\t\n<style>\n    .elementor-kit-1214 a{\n        color:black;\n    \n    line-height: 2 !important;\n}\n\nli::before{\n    list-style: square;\n    font-size: 36px !important;\n\n}  \n<\/style>\n\n\t\t<\/div>\n\t\t\t\t<\/div>\n\t\t\t\t<\/div>\n\t\t\t\t<\/div>\n\t\t","protected":false},"excerpt":{"rendered":"<p>Materiales Preparatorios &#8211; Caso 3 Determinantes de Salud Determinantes Sociales de la Salud Rol del Profesional de Enfermer\u00eda en la Salud P\u00fablica Rol del Profesional de Enfermer\u00eda en Situaciones de Desastre Salud Mental \u2013 Uso de Distracci\u00f3n en el Procedimiento de Inserci\u00f3n de Aguja (Pr\u00e1ctica Basada en Evidencia [EBP, por sus siglas en ingl\u00e9s])\u00a0 Fuente:\u00a0Healthy [&hellip;]<\/p>\n","protected":false},"author":1,"featured_media":0,"parent":0,"menu_order":0,"comment_status":"closed","ping_status":"closed","template":"","meta":{"content-type":"","footnotes":""},"class_list":["post-3178","page","type-page","status-publish","hentry"],"_links":{"self":[{"href":"https:\/\/escueladeenfermeria.amorphejewelryshop.com\/index.php\/wp-json\/wp\/v2\/pages\/3178"}],"collection":[{"href":"https:\/\/escueladeenfermeria.amorphejewelryshop.com\/index.php\/wp-json\/wp\/v2\/pages"}],"about":[{"href":"https:\/\/escueladeenfermeria.amorphejewelryshop.com\/index.php\/wp-json\/wp\/v2\/types\/page"}],"author":[{"embeddable":true,"href":"https:\/\/escueladeenfermeria.amorphejewelryshop.com\/index.php\/wp-json\/wp\/v2\/users\/1"}],"replies":[{"embeddable":true,"href":"https:\/\/escueladeenfermeria.amorphejewelryshop.com\/index.php\/wp-json\/wp\/v2\/comments?post=3178"}],"version-history":[{"count":31,"href":"https:\/\/escueladeenfermeria.amorphejewelryshop.com\/index.php\/wp-json\/wp\/v2\/pages\/3178\/revisions"}],"predecessor-version":[{"id":3572,"href":"https:\/\/escueladeenfermeria.amorphejewelryshop.com\/index.php\/wp-json\/wp\/v2\/pages\/3178\/revisions\/3572"}],"wp:attachment":[{"href":"https:\/\/escueladeenfermeria.amorphejewelryshop.com\/index.php\/wp-json\/wp\/v2\/media?parent=3178"}],"curies":[{"name":"wp","href":"https:\/\/api.w.org\/{rel}","templated":true}]}}